 and 51?
17
What is the highest common factor of 13776 and 861?
861
What is the greatest common factor of 112 and 486472?
56
Calculate the greatest common divisor of 228752 and 725.
29
Calculate the greatest common factor of 16 and 1592.
8
What is the greatest common factor of 2 and 10063?
1
What is the highest common divisor of 1097 and 262183?
1097
Calculate the greatest common factor of 347741 and 129.
43
Calculate the highest common factor of 203 and 184933.
203
Calculate the greatest common factor of 615 and 20541.
123
What is the greatest common divisor of 4565 and 275?
55
Calculate the highest common factor of 4792 and 328.
8
What is the greatest common divisor of 132 and 58542?
66
Calculate the highest common factor of 537 and 3109767.
537
Calculate the greatest common factor of 59235 and 5.
5
What is the highest common divisor of 13 and 3357263?
13
What is the highest common factor of 82331 and 170?
17
What is the greatest common divisor of 16114 and 98?
14
Calculate the highest common divisor of 18942 and 6510.
42
What is the highest common factor of 6 and 66398?
2
Calculate the highest common factor of 13915 and 1150.
115
What is the greatest common divisor of 320 and 10660?
20
What is the highest common factor of 256 and 8256?
64
Calculate the highest common factor of 2038 and 12.
2
Calculate the highest common divisor of 244723 and 202.
101
What is the greatest common divisor of 14 and 87570?
14
What is the highest common divisor of 98 and 50519?
49
Calculate the highest common divisor of 4025 and 4508.
161
Calculate the highest common divisor of 250 and 2362.
2
What is the greatest common divisor of 10566 and 1522678?
1174
Calculate the highest common divisor of 65160 and 258830.
1810
Calculate the highest common divisor of 239970 and 190.
190
What is the highest common divisor of 126 and 2791089?
63
What is the highest common divisor of 1014 and 6708?
78
What is the highest common factor of 41 and 12530953?
41
Calculate the highest common factor of 92192 and 128.
32
What is the greatest common factor of 1914 and 18656?
22
What is the greatest common factor of 6464 and 704?
64
What is the highest common factor of 138 and 3342590?
46
Calculate the greatest common divisor of 726 and 8448.
66
Calculate the greatest common divisor of 4913428 and 104.
52
Calculate the greatest common factor of 331181 and 1340.
67
What is the greatest common factor of 80 and 33290?
10
What is the highest common factor of 2920 and 708830?
730
Calculate the greatest common factor of 580132 and 28.
28
Calculate the highest common factor of 3406630 and 174.
58
What is the highest common factor of 64615 and 220?
5
Calculate the greatest common factor of 2349853 and 22.
11
What is the highest common divisor of 188685 and 840?
105
Calculate the greatest common factor of 71 and 140509.
71
Calculate the highest common factor of 11104 and 8675.
347
What is the highest common factor of 1179 and 115673?
131
Calculate the highest common factor of 1490 and 2770.
10
Calculate the greatest common factor of 22 and 2170.
2
Calculate the greatest common divisor of 113321 and 46.
23
Calculate the highest common divisor of 156731 and 19.
19
Calculate the greatest common divisor of 653042 and 4.
2
What is the highest common factor of 153018 and 36?
18
What is the highest common divisor of 683 and 13?
1
What is the greatest common divisor of 467136 and 30?
6
What is the highest common divisor of 35927 and 518?
37
What is the highest common factor of 1862 and 16568?
38
What is the highest common factor of 19848 and 144?
24
What is the greatest common divisor of 387 and 301215?
129
What is the greatest common factor of 554978 and 4?
2
What is the greatest common divisor of 106015 and 1001?
91
Calculate the greatest common divisor of 1071 and 204.
51
Calculate the greatest common factor of 5913603 and 459.
153
What is the highest common factor of 669605 and 1256?
157
Calculate the greatest common factor of 10812 and 15368.
68
What is the greatest common divisor of 1310 and 348722?
262
Calculate the highest common divisor of 2075 and 15023.
83
What is the highest common divisor of 1222 and 8648?
94
What is the greatest common divisor of 10549 and 322?
7
What is the greatest common factor of 8 and 15276?
4
What is the greatest common factor of 139641 and 1335?
267
What is the highest common factor of 1340 and 5710?
10
What is the highest common factor of 424 and 441384?
424
Calculate the highest common divisor of 132 and 6028.
44
What is the greatest common factor of 6843 and 3?
3
Calculate the greatest common divisor of 4213503 and 1269.
423
What is the greatest common divisor of 483 and 374892?
21
Calculate the highest common factor of 11128 and 520.
104
Calculate the highest common factor of 45088 and 384.
32
Calculate the highest common divisor of 4707 and 8891.
523
What is the greatest common factor of 18 and 363114?
18
Calculate the greatest common divisor of 13534 and 536.
134
What is the greatest common divisor of 1430 and 407?
11
What is the highest common factor of 974400 and 280?
280
Calculate the highest common factor of 205450 and 175.
175
Calculate the greatest common divisor of 38 and 193211.
19
Calculate the highest common divisor of 2750 and 550.
550
What is the greatest common divisor of 3237 and 117?
39
Calculate the highest common divisor of 38 and 13344764.
38
What is the greatest common divisor of 55500 and 120?
60
Calculate the highest common divisor of 6 and 339480.
6
Calculate the highest common divisor of 221 and 20657.
13
Calculate the highest common divisor of 6006 and 1170.
78
Calculate the highest common divisor of 20 and 19420.
20
What is the highest common factor of 41109 and 71?
71
What is the highest common divisor of 18005 and 13?
13
Calculate the highest common divisor of 16721 and 4.
1
Calculate the greatest common divisor of 16264 and 152.
152
Calculate the highest common factor of 2596 and 23482.
118
What is the greatest common divisor of 321748 and 126?
14
Calculate the highest common divisor of 29586 and 48.
6
What is the greatest common divisor of 6426 and 29862?
378
Calculate the highest common divisor of 2379384 and 105.
21
Calculate the highest common factor of 9102 and 12099.
111
Calculate the greatest common factor of 568009 and 104.
13
Calculate the greatest common divisor of 13366 and 3749.
163
What is the greatest common divisor of 141141 and 2079?
231
What is the greatest common factor of 1258803 and 7308?
1827
Calculate the greatest common factor of 128 and 762432.
64
Calculate the greatest common factor of 209 and 17879.
19
What is the greatest common factor of 312 and 370149?
39
Calculate the greatest common divisor of 1573 and 52481.
143
What is the highest common factor of 1364 and 4356?
44
What is the greatest common divisor of 8906 and 2318?
122
What is the greatest common divisor of 167365 and 11?
11
What is the highest common factor of 67068 and 45?
9
What is the greatest common divisor of 576 and 138368?
64
Calculate the highest common divisor of 416993 and 2261.
323
Calculate the greatest common factor of 60888 and 12.
12
Calculate the greatest common factor of 21461 and 1606.
11
Calculate the highest common divisor of 1058 and 2318.
2
What is the highest common divisor of 11105 and 240?
5
What is the highest common divisor of 2334516 and 12?
12
What is the highest common factor of 5166 and 342801?
369
Calculate the highest common factor of 662114 and 430.
86
Calculate the highest common divisor of 5888 and 28888.
184
What is the greatest common factor of 50180 and 3088?
772
What is the greatest common divisor of 31832 and 736?
184
What is the greatest common factor of 30464 and 3043?
17
What is the greatest common divisor of 16767 and 391?
23
What is the greatest common divisor of 6350 and 1570?
10
Calculate the greatest common factor of 1225 and 3920.
245
What is the highest common divisor of 8 and 433?
1
What is the greatest common factor of 1848 and 19992?
168
Calculate the greatest common factor of 96 and 21352.
8
Calculate the highest common divisor of 9660 and 4140.
1380
What is the greatest common factor of 9933 and 83468?
77
Calculate the greatest common divisor of 70754 and 102.
34
Calculate the greatest